 base 5
0
What is -4 (base 10) in base 7?
-4
Convert -15 (base 9) to base 6.
-22
What is 7 (base 14) in base 15?
7
-30 (base 9) to base 14
-1d
Convert -123 (base 7) to base 14.
-4a
1 (base 8) to base 9
1
-26 (base 8) to base 14
-18
What is -12 (base 4) in base 3?
-20
6 (base 12) to base 11
6
Convert 15 (base 9) to base 7.
20
200 (base 4) to base 13
26
What is 4 (base 16) in base 5?
4
What is -1122 (base 3) in base 15?
-2e
-7 (base 15) to base 9
-7
Convert 13 (base 10) to base 3.
111
Convert -11 (base 9) to base 8.
-12
Convert -2a (base 14) to base 15.
-28
-4 (base 13) to base 9
-4
What is 6 (base 9) in base 8?
6
-10 (base 2) to base 3
-2
Convert -34 (base 9) to base 15.
-21
What is -24 (base 12) in base 11?
-26
-33 (base 7) to base 10
-24
Convert 1a (base 14) to base 3.
220
What is -113 (base 10) in base 8?
-161
What is -1e (base 16) in base 2?
-11110
Convert 125 (base 6) to base 14.
3b
What is -50 (base 15) in base 11?
-69
Convert -240 (base 6) to base 2.
-1100000
213 (base 6) to base 4
1101
Convert 52 (base 6) to base 12.
28
-83 (base 14) to base 7
-223
-1 (base 4) to base 9
-1
Convert -1000100 (base 2) to base 4.
-1010
Convert -1 (base 4) to base 2.
-1
Convert 5 (base 6) to base 3.
12
Convert 3 (base 14) to base 9.
3
452 (base 6) to base 2
10110000
What is 6 (base 7) in base 11?
6
-11 (base 2) to base 12
-3
What is -3 (base 16) in base 10?
-3
Convert 7 (base 13) to base 15.
7
What is -30 (base 16) in base 12?
-40
Convert -1 (base 10) to base 11.
-1
Convert 3 (base 6) to base 10.
3
Convert 0 (base 8) to base 9.
0
What is -40 (base 10) in base 9?
-44
Convert -14 (base 16) to base 6.
-32
What is 100 (base 2) in base 11?
4
1201 (base 3) to base 9
51
What is -1100 (base 2) in base 16?
-c
Convert 7 (base 9) to base 15.
7
Convert -3 (base 16) to base 8.
-3
Convert -10 (base 2) to base 3.
-2
Convert 68 (base 14) to base 13.
71
Convert -14 (base 8) to base 12.
-10
What is 1 (base 12) in base 10?
1
10 (base 10) to base 4
22
What is -2 (base 11) in base 15?
-2
-167 (base 9) to base 11
-11a
What is -33 (base 6) in base 10?
-21
What is 22 (base 3) in base 8?
10
1 (base 7) to base 8
1
1002 (base 3) to base 2
11101
-288 (base 10) to base 6
-1200
-2 (base 8) to base 12
-2
What is 1000 (base 3) in base 9?
30
Convert 130 (base 4) to base 15.
1d
104 (base 5) to base 12
25
Convert 16 (base 9) to base 13.
12
Convert 4 (base 10) to base 5.
4
Convert 3 (base 15) to base 14.
3
Convert -1001010 (base 2) to base 13.
-59
1 (base 14) to base 13
1
Convert -63 (base 15) to base 10.
-93
-15 (base 6) to base 12
-b
What is 1 (base 9) in base 15?
1
Convert 0 (base 3) to base 13.
0
What is -121 (base 7) in base 8?
-100
Convert 20 (base 5) to base 13.
a
-2 (base 5) to base 13
-2
Convert 67 (base 16) to base 6.
251
What is 21 (base 10) in base 3?
210
What is 0 (base 8) in base 12?
0
Convert -3 (base 5) to base 9.
-3
-1 (base 6) to base 14
-1
-62 (base 7) to base 13
-35
What is 131 (base 6) in base 2?
110111
Convert 9 (base 11) to base 12.
9
What is 1 (base 12) in base 5?
1
What is -315 (base 6) in base 10?
-119
What is 334 (base 8) in base 16?
dc
What is -1111 (base 2) in base 12?
-13
0 (base 5) to base 11
0
What is 57 (base 16) in base 5?
322
Convert -3 (base 8) to base 11.
-3
Convert -1000011 (base 2) to base 16.
-43
18 (base 12) to base 13
17
0 (base 13) to base 9
0
b6 (base 13) to base 9
175
-1001 (base 3) to base 9
-31
What is 4 (base 10) in base 11?
4
Convert 35 (base 10) to base 3.
1022
What is 12 (base 7) in base 4?
21
What is -18 (base 9) in base 2?
-10001
Convert -30 (base 6) to base 13.
-15
What is 114 (base 9) in base 10?
94
Convert 11 (base 2) to base 6.
3
Convert -108 (base 10) to base 12.
-90
2 (base 14) to base 15
2
What is -2f (base 16) in base 5?
-142
3a (base 15) to base 11
50
Convert -1011 (base 2) to base 13.
-b
What is 0 (base 15) in base 14?
0
-16 (base 7) to base 15
-d
What is 1 (base 10) in base 15?
1
Convert -11021 (base 3) to base 6.
-311
Convert 22 (base 8) to base 14.
14
Convert -4 (base 15) to base 2.
-100
Convert -9a (base 13) to base 12.
-a7
-21120 (base 3) to base 7
-411
Convert -42 (base 5) to base 12.
-1a
Convert -13 (base 11) to base 14.
-10
Convert 360 (base 7) to base 9.
230
Convert -10 (base 4) to base 11.
-4
Convert -2 (base 9) to base 16.
-2
-5 (base 10) to base 11
-5
Convert -5 (base 15) to base 9.
-5
What is -2 (base 7) in base 12?
-2
What is 4 (base 7) in base 13?
4
132 (base 7) to base 9
80
What is -3 (base 9) in base 14?
-3
-130 (base 10) to base 8
-202
What is -b (base 12) in base 14?
-b
Convert 83 (base 10) to base 13.
65
What is 563 (base 7) in base 10?
290
-236 (base 8) to base 2
-10011110
What is 15 (base 7) in base 5?
22
What is 3 (base 6) in base 2?
11
What is -110 (base 3) in base 16?
-c
Convert -3 (base 12) to base 11.
-3
4 (base 12) to base 13
4
Convert -6 (base 14) to base 3.
-20
What is -272 (base 10) in base 8?
-420
60 (base 12) to base 8
110
Convert 14 (base 12) to base 8.
20
Convert -a (base 16) to base 10.
-10
a9 (base 11) to base 7
230
What is 35 (base 11) in base 15?
28
141 (base 8) to base 7
166
Convert 18 (base 11) to base 8.
23
What is -71 (base 10) in base 13?
-56
6 (base 12) to base 6
10
What is -c (base 14) in base 8?
-14
Convert 102 (base 3) to base 14.
b
What is 233 (base 5) in base 8?
104
Convert 16 (base 9) to base 7.
21
-5 (base 15) to base 3
-12
Convert -2 (base 13) to base 2.
-10
-42 (base 10) to base 9
-46
-2 (base 15) to base 4
-2
Convert 102 (base 3) to base 10.
11
1a6 (base 12) to base 15
130
What is 77 (base 9) in base 6?
154
Convert -2d (base 14) to base 10.
-41
What is 413 (base 7) in base 9?
248
What is -1 (base 13) in base 4?
-1
6 (base 9) to base 12
6
Convert 22 (base 3) to base 5.
13
What is -9 (base 12) in base 9?
-10
What is 11120 (base 3) in base 9?
146
-111 (base 2) to base 4
-13
-32 (base 5) to base 10
-17
0 (base 10) to base 12
0
-2 (base 14) to base 3
-2
35 (base 6) to base 2
10111
Convert 1010010 (base 2) to base 3.
10001
Convert 1a (base 13) to base 11.
21
Convert -5 (base 13) to base 7.
-5
Convert 1111100 (base 2) to base 4.
1330
What is 9 (base 15) in base 2?
1001
Convert 5 (base 16) to base 9.
5
-5 (base 10) to base 3
-12
2b (base 15) to base 6
105
Convert 0 (base 4) to base 10.
0
What is 10 (base 10) in base 3?
101
What is 1 (base 10) in base 11?
1
6 (base 7) to base 8
6
What is 15 (base 11) in base 9?
17
Convert 3a (base 13) to base 2.
110001
Convert -7a (base 14) to base 9.
-130
Convert 3 (base 11) to base 6.
3
What is -31 (base 4) in base 10?
-13
What is -5 (base 14) in base 15?
-5
Convert 31 (base 6) to base 13.
16
Convert 100 (base 8) to base 7.
121
What is 256 (base 9) in base 11?
184
0 (base 5) to base 7
0
Convert 0 (base 3) to base 7.
0
Convert 22 (base 12) to base 15.
1b
3 (base 10) to base 8
3
What is -b (base 15) in base 16?
-b
What is 4 (base 10) in base 13?
4
What is 3120 (base 4) in base 5?
1331
-1 (base 5) to base 12
-1
Convert 2 (base 4) to base 11.
2
Convert 2 (base 14) to base 12.
2
Convert 3 (base 13) to base 5.
3
Convert -5 (base 13) to base 11.
-5
3 (base 5) to base 16
3
What is -31 (base 9) in base 2?
-11100
-32 (base 4) to base 5
-24
-30 (base 5) to base 13
-12
Convert -134 (base 7) to base 13.
-59
Convert -16d (base 15) to base 12.
-234
Convert 0 (base 3) to base 4.
0
What is -3a (base 15) in base 3?
-2001
What is -5 (base 9) in base 8?
-5
What is -d9 (base 15) in base 10?
-204
c (base 15) to base 12
10
0 (base 8) to base 7
0
1 (base 4) to base 15
1
1133 (base 4) to base 6
235
Convert -5 (base 10) to base 11.
-5
-143 (base 5) to base 7
-66
-11 (base 2) to base 11
-3
8 (base 14) to base 10
8
Convert -12001 (base 3) to base 12.
-b4
-1 (base 5) to base 11
-1
Convert 4 (base 10) to base 4.
10
What is -431 (base 5) in base 11?
-a6
Convert 116 (base 7) to base 2.
111110
Convert -6 (base 16) to base 13.
-6
What is -13 (base 12) in base 15?
-10
What is -13 (base 5) in base 7?
-11
10 (base 3) to base 13
3
1 (base 10) to base 15
1
What is 29 (base 12) in base 16?
21
Convert 1 (base 2) to base 14.
1
1010 (base 3) to base 2
11110
What is -20 (base 10) in base 13?
-17
22 (base 6) to base 8
16
5 (base 11) to base 16
5
-4 (base 9) to base 3
-11
-43 (base 14) to base 6
-135
What is 4 (base 12) in base 14?
4
Convert -2 (base 16) to base 11.
-2
-89 (base 13) to base 